{"id":4025,"date":"2025-06-12T13:08:11","date_gmt":"2025-06-12T13:08:11","guid":{"rendered":"https:\/\/comunicacionsocial.ufpso.edu.co\/?page_id=4025"},"modified":"2025-06-18T16:27:47","modified_gmt":"2025-06-18T16:27:47","slug":"presentacion-2","status":"publish","type":"page","link":"https:\/\/comunicacionsocial.ufpso.edu.co\/?page_id=4025","title":{"rendered":"Presentaci\u00f3n"},"content":{"rendered":"\n<figure class=\"wp-block-image size-large\"><img loading=\"lazy\" decoding=\"async\" width=\"1024\" height=\"791\" src=\"https:\/\/comunicacionsocial.ufpso.edu.co\/wp-content\/uploads\/2025\/06\/LOGO-POLSO-01-1024x791.png\" alt=\"\" class=\"wp-image-4272\" srcset=\"https:\/\/comunicacionsocial.ufpso.edu.co\/wp-content\/uploads\/2025\/06\/LOGO-POLSO-01-1024x791.png 1024w, https:\/\/comunicacionsocial.ufpso.edu.co\/wp-content\/uploads\/2025\/06\/LOGO-POLSO-01-300x232.png 300w, https:\/\/comunicacionsocial.ufpso.edu.co\/wp-content\/uploads\/2025\/06\/LOGO-POLSO-01-768x593.png 768w, https:\/\/comunicacionsocial.ufpso.edu.co\/wp-content\/uploads\/2025\/06\/LOGO-POLSO-01-1536x1187.png 1536w, https:\/\/comunicacionsocial.ufpso.edu.co\/wp-content\/uploads\/2025\/06\/LOGO-POLSO-01-2048x1583.png 2048w\" sizes=\"auto, (max-width: 1024px) 100vw, 1024px\" \/><\/figure>\n\n\n\n<p>En 2020, un grupo de <strong>16 estudiantes<\/strong> de la asignatura <strong>Comunicaci\u00f3n Pol\u00edtica<\/strong>, del \u00e9nfasis de <strong>Agenda P\u00fablica y Democracia<\/strong>, bajo la orientaci\u00f3n del mag\u00edster <strong>Mav\u00e9r Navarro<\/strong>, desarroll\u00f3 la estrategia comunicativa <strong>POLSO<\/strong>. Este espacio est\u00e1 dedicado a fomentar la libre expresi\u00f3n de la comunidad universitaria y de cualquier persona interesada en compartir su punto de vista sobre la coyuntura pol\u00edtica local, nacional e internacional.<\/p>\n\n\n\n<p><strong>POLSO<\/strong> utiliza la <strong>comunicaci\u00f3n digital<\/strong> para difundir la informaci\u00f3n generada, empleando diversas plataformas como sus redes sociales, el sitio web oficial de <strong>POLSO<\/strong> cuenta con: <\/p>\n\n\n\n<ul class=\"wp-block-list\">\n<li><strong>POLSO en la calle<\/strong><\/li>\n<\/ul>\n\n\n\n<ul class=\"wp-block-list\">\n<li><strong>POLSO Columnas<\/strong><\/li>\n<\/ul>\n\n\n\n<ul class=\"wp-block-list\">\n<li><strong>Revista pol\u00edtica<\/strong><\/li>\n<\/ul>\n\n\n\n<ul class=\"wp-block-list\">\n<li><strong>Caf\u00e9 con POLSO<\/strong><\/li>\n<\/ul>\n\n\n\n<ul class=\"wp-block-list\">\n<li><strong>POLSO Radio<\/strong><br><\/li>\n<\/ul>\n\n\n\n<p>Las personas interesadas en dar a conocer su opini\u00f3n pueden hacerlo enviando sus contenidos a las redes sociales de <strong>POLSO<\/strong> en <strong>Facebook<\/strong>, <strong>Twitter<\/strong> e <strong>Instagram<\/strong>. Este proyecto busca ser un canal inclusivo y accesible para aquellos que deseen participar activamente en el debate pol\u00edtico y social, promoviendo el ejercicio de la democracia y el derecho a la expresi\u00f3n.<\/p>\n\n\n\n<p><\/p>\n","protected":false},"excerpt":{"rendered":"<p>En 2020, un grupo de 16 estudiantes de la asignatura Comunicaci\u00f3n Pol\u00edtica, del \u00e9nfasis de Agenda P\u00fablica y Democracia, bajo la orientaci\u00f3n del mag\u00edster Mav\u00e9r Navarro, desarroll\u00f3 la estrategia comunicativa POLSO. Este espacio est\u00e1 dedicado a fomentar la libre expresi\u00f3n de la comunidad universitaria y de cualquier persona interesada en compartir su punto de vista&hellip;&nbsp;<a href=\"https:\/\/comunicacionsocial.ufpso.edu.co\/?page_id=4025\" class=\"\" rel=\"bookmark\">Read More &raquo;<span class=\"screen-reader-text\">Presentaci\u00f3n<\/span><\/a><\/p>\n","protected":false},"author":1,"featured_media":0,"parent":0,"menu_order":0,"comment_status":"closed","ping_status":"closed","template":"","meta":{"neve_meta_sidebar":"full-width","neve_meta_container":"","neve_meta_enable_content_width":"on","neve_meta_content_width":100,"neve_meta_title_alignment":"","neve_meta_author_avatar":"","neve_post_elements_order":"","neve_meta_disable_header":"","neve_meta_disable_footer":"","neve_meta_disable_title":"","footnotes":""},"class_list":["post-4025","page","type-page","status-publish","hentry"],"_links":{"self":[{"href":"https:\/\/comunicacionsocial.ufpso.edu.co\/index.php?rest_route=\/wp\/v2\/pages\/4025","targetHints":{"allow":["GET"]}}],"collection":[{"href":"https:\/\/comunicacionsocial.ufpso.edu.co\/index.php?rest_route=\/wp\/v2\/pages"}],"about":[{"href":"https:\/\/comunicacionsocial.ufpso.edu.co\/index.php?rest_route=\/wp\/v2\/types\/page"}],"author":[{"embeddable":true,"href":"https:\/\/comunicacionsocial.ufpso.edu.co\/index.php?rest_route=\/wp\/v2\/users\/1"}],"replies":[{"embeddable":true,"href":"https:\/\/comunicacionsocial.ufpso.edu.co\/index.php?rest_route=%2Fwp%2Fv2%2Fcomments&post=4025"}],"version-history":[{"count":3,"href":"https:\/\/comunicacionsocial.ufpso.edu.co\/index.php?rest_route=\/wp\/v2\/pages\/4025\/revisions"}],"predecessor-version":[{"id":4275,"href":"https:\/\/comunicacionsocial.ufpso.edu.co\/index.php?rest_route=\/wp\/v2\/pages\/4025\/revisions\/4275"}],"wp:attachment":[{"href":"https:\/\/comunicacionsocial.ufpso.edu.co\/index.php?rest_route=%2Fwp%2Fv2%2Fmedia&parent=4025"}],"curies":[{"name":"wp","href":"https:\/\/api.w.org\/{rel}","templated":true}]}}